-3*b + 4*d - 21 = 0. Give i(b).
-10
Let c(z) = -2*z + 3. Let d(l) = -l - 1. Let x(t) = -c(t) + 3*d(t). Calculate x(-8).
2
Let l(u) = -u**2 + 6*u - 2. Suppose 3*w = -4*a, a = 3*w - 0*w - 15. Give l(w).
6
Let z(o) = 16*o - 2 - 51*o + 18*o - 3*o**2 + 15*o. Give z(-2).
-10
Let r(q) be the first derivative of q**6/120 + q**5/15 - q**4/4 - 5*q**3/6 - 2*q**2 + 2. Let m(f) be the second derivative of r(f). Give m(-5).
0
Let f(v) be the second derivative of 0 + 0*v**3 - 1/2*v**4 + 1/20*v**5 + v - 7/2*v**2. Determine f(6).
-7
Let p(h) be the second derivative of -5/6*h**3 - 3/2*h**2 + 0 - 1/12*h**4 + 3*h. Determine p(-3).
3
Let u be 9/(-2) - 3/(-6). Let v(i) = 30*i - 6. Let j(h) = 11*h - 2. Let f(r) = 11*j(r) - 4*v(r). What is f(u)?
-2
Let s(v) be the third derivative of -v**6/120 - v**5/15 - v**4/6 - v**3/6 - 7*v**2. Give s(-4).
15
Let u(m) be the third derivative of m**6/120 - 7*m**5/60 - 3*m**4/8 + 5*m**3/3 + 5*m**2. Calculate u(8).
2
Let d(m) = m + 8. Let y be d(-6). Let a = 5 - y. Let o(h) = 4*h**2 + 2*h**a - 3*h**2 - h**3. Determine o(0).
0
Let x(s) be the third derivative of -s**7/420 - s**6/180 + s**5/60 + s**4/24 - 2*s**3/3 + 3*s**2. Let k(h) be the first derivative of x(h). Determine k(-2).
5
Let j(x) = 5*x**2 - 3*x - 8. Let h(a) = a**2 - a - 1. Let p(l) = 4*h(l) - j(l). Give p(3).
-8
Let m(h) = -1 - 3*h**2 - 2*h + h - h. Let l = -8 - -12. Suppose 2*u + 17 = -3*j, l*j + 10 + 10 = 0. Calculate m(u).
-2
Let q(k) = 3*k**3 - k**2 - k + 1. Let h(v) = -v**3 - 4*v**2 + 5*v + 1. Suppose 3*i + 4*g = 1, -i - 3*i = -4*g + 36. Let x be h(i). Calculate q(x).
2
Let u(r) = r + 2. Let a be 18/(-4)*(-16)/(-12). Determine u(a).
-4
Let l = 92 - 92. Let v(n) be the first derivative of -n**4/4 + n**3/3 - n**2/2 - 2*n - 1. Calculate v(l).
-2
Let c(n) be the first derivative of -n**2/2 - n + 5. Calculate c(0).
-1
Let a(v) = 2*v**2 + 8*v - 7. Let n(d) = -d**2 - 4*d + 3. Let u(w) = -2*a(w) - 5*n(w). Calculate u(-5).
4
Suppose -4*b - 32 + 44 = 0. Let z(f) = -7*f + 3. Calculate z(b).
-18
Let f(i) = -5*i**2 - 40*i + 20. Let d(c) = -2*c**2 - 14*c + 7. Let w(u) = 17*d(u) - 6*f(u). Calculate w(-2).
-21
Let j(k) = -k - 2*k + 4*k + 0*k + k**2. Let c(f) = -2*f**2 + 2*f + 7. Let m(i) = c(i) + 3*j(i). Suppose 2*a + 9 + 1 = 0. Give m(a).
7
Suppose 3*q = 5*q - 6. Let v(p) = -q + 3 + p + 0*p. Give v(-4).
-4
Let l be (((-65)/(-15))/(-13))/(1/(-9)). Let c(q) be the third derivative of 0*q - 1/6*q**l - 1/12*q**5 + 4*q**2 + 1/120*q**6 + 1/4*q**4 + 0. Determine c(4).
7
Suppose 4*g + 3 = -n, -n - 2*n = -15. Let a(z) = 3*z**2 - 5*z + 3. Let p(j) = 2*j**2 - 2*j + 2. Let s(b) = -3*a(b) + 5*p(b). What is s(g)?
-5
Let k(m) be the second derivative of 0*m**3 + 0 - 3/2*m**2 + 1/12*m**4 - m. Let h = 7 - 4. Give k(h).
6
Let h(p) = 3*p - 4. Let r = -7 + 3. Let m be r/6 + 28/6. Calculate h(m).
8
Suppose -3*w + 5*j = -8*w + 10, -4*w + 8 = -3*j. Let o(r) = -5*r + 4*r - 4 + w*r. Give o(3).
-1
Suppose -t + 2*m - 21 = 2*t, 0 = 5*t - 4*m + 37. Let n be 16/6 + 4/(-6). Let o(f) = 3 + 5*f**n - 7 + 0*f**2 + f**3. Determine o(t).
-4
Let n(p) = p**2 + 3*p - 5. Let c(u) = 1. Suppose y = -0*y + 6. Let t(i) = y*c(i) + n(i). Give t(-4).
5
Let p(s) = -s - 3. Let x be p(-6). Let m(y) = 4 + 3*y - 5*y + x*y. Let u be 14/(-6) + 2/(-3). Determine m(u).
1
Let y(l) = l**2 - 4*l - 5. Let c be y(5). Let t(k) = -k**3 - k**2 - 9. Calculate t(c).
-9
Let k = -12 - -20. Let d(n) = -n + n + k*n - 3*n. Suppose 6*q - q = -10. What is d(q)?
-10
Let r(k) = 6*k**2 - k - 1. Let m(h) = -h**3 - 8*h**2 - 8*h - 8. Let g be m(-7). Give r(g).
6
Let v(k) = 14*k + 1. Let y(d) = -5*d. Let x(g) = 6*v(g) + 17*y(g). Suppose j + 4*j = 20. Calculate x(j).
2
Let r(z) = 15*z**2 + 25*z + 9. Let w(s) be the first derivative of 7*s**3/3 + 6*s**2 + 4*s + 6. Let o(y) = -6*r(y) + 13*w(y). Determine o(-6).
-2
Let b(j) = 16*j**3 - 4*j - 6*j**3 - 11*j**3 + 2 - 7*j**2. Suppose -20 + 8 = 2*t. What is b(t)?
-10
Let b be 18/(-12)*(-16)/(-6). Let u(r) = r**2 + 5*r + 5. Determine u(b).
1
Let o(f) = -35*f - 4*f**2 - 1 + 47*f + 5*f**2. What is o(-11)?
-12
Let c(y) = -6*y + 10. Let d(k) = -2*k + 3. Let x(n) = -3*c(n) + 10*d(n). Calculate x(1).
-2
Let c = 2 - 4. Let t(b) = -11*b - 12. Let p(a) = 21*a + 22. Let i(d) = -6*p(d) - 11*t(d). What is i(c)?
10
Let z(d) = -2*d**3 - 3*d**2 - 5*d - 5. Let s(a) = -5*a**3 - 10*a**2 - 15*a - 15. Let w(t) = 3*s(t) - 8*z(t). Determine w(7).
9
Let s(v) = -3*v + 3. Let q(d) = -5*d + 6. Let l(p) = 6*q(p) - 11*s(p). Let o(t) = -4*t**2 + t. Let j be o(1). Calculate l(j).
-6
Let q(f) = -f**3 - 7*f**2 + 5*f + 5. Let x(l) = -l**3 - 8*l**2 + 6*l + 5. Let c(d) = -7*q(d) + 6*x(d). Determine c(0).
-5
Let q(w) = w - 3. Let p be q(-10). Let v = p - -11. Let r(g) = 2*g**3 + 2*g**2 + 2*g + 2. Determine r(v).
-10
Suppose -5 - 19 = -4*x. Let v(l) = -l**2. Let o(m) = m**3 + 2*m**2 + m - 1. Let q(j) = x*v(j) + o(j). Let t be (4 - 0) + 1/(-5)*0. What is q(t)?
3
Let j(c) be the second derivative of -c**3/2 + 4*c. Calculate j(-1).
3
Let o be 6/(-2)*7/21. Let v(q) = -2*q**2 - 5. Let b(y) = -y**2 - 1. Let l(i) = o*v(i) + 3*b(i). Let p = 3 - 0. What is l(p)?
-7
Let g(s) be the first derivative of -s**3/3 - 5*s**2/2 - 4*s + 1. Suppose 5*q - 4*y + y + 29 = 0, -3*q + 3 = 5*y. What is g(q)?
0
Let f(r) = r - 2. Let w = 57 + -38. Suppose w = 2*u - 23. Suppose -2*g + 3*z = 1 - 23, -g + u = -4*z. Give f(g).
3
Let x(n) = -n**2 - 2*n + 6. Suppose -14*i - 55 = -3*i. Determine x(i).
-9
Let w = 3 + 0. Let l(d) = d - 3 - w*d + 7*d**3 + 2. Let h(v) = v**2 - 3*v - 1. Let z be h(3). Calculate l(z).
-6
Suppose 0*f - 5*m = -3*f - 48, -3*f - 21 = 4*m. Let u = -16 - f. Let a(h) = h**3 + 5*h**2 - h. Calculate a(u).
5
Suppose 2*r = r. Let v(a) = -a. Let h(f) = -f**2 + 4*f + 2. Let j(s) = h(s) + 5*v(s). Give j(r).
2
Let q(x) = -x**3 - 2*x**2 + 2*x + 3. Let h(d) be the first derivative of d**3/3 + 3*d**2 - 10*d + 2. Let b be h(-7). Give q(b).
6
Let y be (0 - 1)/((-6)/18). Let z(t) = -t**2 + 2. Give z(y).
-7
Let a(i) = -6*i + 1. Let b be a(1). Let p(x) = 2*x**2 + 16*x + 19. Let h(g) = -8*g + 4 - 7 - g**2 + 0 - 6. Let t(r) = 5*h(r) + 2*p(r). What is t(b)?
8
Let l(h) = h**3 + 2*h**2 - h - 2. Suppose 6*f - 1 = 2*f + 5*i, -19 = -f - 5*i. Suppose q = -q - f. What is l(q)?
0
Let y = 146 - 148. Let c(w) be the first derivative of -w**3 + 1 + 2*w + 0*w**2 - 1/4*w**4. Determine c(y).
-2
Let z(v) = -v - 2. Let f(b) = b**2 + 5*b - 52. Let g be f(-10). What is z(g)?
0
Let k(r) be the first derivative of 7*r**3/3 + r + 2. Let g be (3 - (-4)/(-2))*1. Let q = 0 + g. Give k(q).
8
Let b(v) = v + 1. Let p(o) = 5*o + 15. Let i = 0 - 1. Let q(f) = i*p(f) + 4*b(f). Determine q(-6).
-5
Let b(f) = -f - 2. Let i(j) = j**2 + 4*j + 3. Let o be i(-4). Suppose -7 = o*c + 2. What is b(c)?
1
Let g(p) be the second derivative of -p**6/120 - p**5/60 + 11*p**3/6 + p**2/2 + p. Let r(j) be the first derivative of g(j). What is r(0)?
11
Let p(b) = -3*b + 3. Suppose y + 3 = -0*y, 3*y = -u - 13. Determine p(u).
15
Let j(p) = p**2 + 6*p + 8. Let q be j(-6). Let x(t) = t - 10. Calculate x(q).
-2
Let v(x) = x**3 + 3*x**2 - 4. Let t = -135 + 132. What is v(t)?
-4
Let v(w) = w**3 + 4*w**2 + 4*w + 2. Suppose -4*n - 7 = -3*h, -2*h - 2*h + 8 = -5*n. What is v(n)?
-14
Let f(w) = 1 + 0 + 1 - 9*w + 8*w. What is f(5)?
-3
Suppose -j + 6*j = -35. Let k be j/3 - (-2)/6. Let n(b) = b**3 + b**2 + 2*b + 2. What is n(k)?
-6
Let i(a) = 44*a**3 + a**2 + 2*a - 45*a**3 - 2 + 0*a**2. What is i(3)?
-14
Let h(d) = 7*d**3 - 2*d**2 + 3*d - 9. Let s(p) = -p**3 - p + 1. Let w(j) = h(j) + 6*s(j). Give w(3).
-3
Let j(n) = -3*n**3 + 9*n**2 - 11*n - 4. Let h(a) = -7*a**3 + 19*a**2 - 23*a - 9. Let c(v) = -4*h(v) + 9*j(v). Let m = 15 + -21. Give c(m).
6
Suppose 0 = -4*y - z - 13, -5*y - 1 = -z + 22. Let p(w) = -3*w**2 - 4*w + 5. Give p(y).
-27
Suppose 2*y + 2 = 8. Suppose y*z - 3*f = -21, 0*z + 4*z + 25 = 3*f. Let g(k) = -k**3 - 3*k**2 + 4*k - 4. Calculate g(z).
-4
Let s(o) be the second derivative of -o**5/60 - 2*o**3 - o**2 - 3*o. Let d(u) be the first derivative of s(u). Determine d(0).
-12
Let f(y) = 5*y**2 - 4*y + 12*y**3 + 2 - 13*y**3 - 5 + 1. Calculate f(4).
-2
Let n(b) = 5*b - 9. Let m = 33 + -27. Calculate n(m).
21
Let l(x) = x - 3. Suppose m + 16 = -5*y, 0 = -m + 4*y - 0 + 2. Let j be 14*(-3)/m - 3. What is l(j)?
1
Let j(x) = x**3 + 11*x**2 - 1